 110042 is divided by 16.
10
What is the remainder when 121835 is divided by 17110?
2065
What is the remainder when 443025 is divided by 248?
97
What is the remainder when 3118993 is divided by 23808?
145
Calculate the remainder when 1187162 is divided by 197849.
68
What is the remainder when 257568 is divided by 4334?
1862
What is the remainder when 5485516 is divided by 101?
4
Calculate the remainder when 11168308 is divided by 1067.
19
What is the remainder when 44215 is divided by 46?
9
What is the remainder when 12243 is divided by 6113?
17
What is the remainder when 5022865 is divided by 85133?
18
What is the remainder when 41755007 is divided by 4546?
4543
What is the remainder when 924462 is divided by 3031?
7
What is the remainder when 11474100 is divided by 109?
106
Calculate the remainder when 552612 is divided by 30700.
12
Calculate the remainder when 65789 is divided by 65751.
38
What is the remainder when 39589508 is divided by 183?
20
Calculate the remainder when 1850202 is divided by 44052.
18
What is the remainder when 31377167 is divided by 1899?
1889
What is the remainder when 14632677 is divided by 1860?
57
Calculate the remainder when 674587 is divided by 351.
316
What is the remainder when 6470094 is divided by 2765?
2759
What is the remainder when 31136222 is divided by 25009?
17
What is the remainder when 5717296 is divided by 1402?
1342
What is the remainder when 43583085 is divided by 24?
21
What is the remainder when 646758 is divided by 3809?
3037
Calculate the remainder when 725702 is divided by 90709.
30
What is the remainder when 4305341 is divided by 236?
229
Calculate the remainder when 1575426 is divided by 45.
21
What is the remainder when 156965 is divided by 1070?
745
Calculate the remainder when 52161 is divided by 2607.
21
Calculate the remainder when 374209932 is divided by 8877.
8874
What is the remainder when 14175522 is divided by 2821?
2818
What is the remainder when 105654779 is divided by 396?
395
What is the remainder when 31837 is divided by 6177?
952
Calculate the remainder when 5977728 is divided by 5872.
32
What is the remainder when 986388 is divided by 3449?
3423
Calculate the remainder when 608595 is divided by 462.
141
Calculate the remainder when 496015 is divided by 4000.
15
Calculate the remainder when 917580 is divided by 305858.
6
What is the remainder when 14103692 is divided by 3511?
5
Calculate the remainder when 1231688 is divided by 11096.
32
What is the remainder when 395174 is divided by 131494?
692
Calculate the remainder when 5022237 is divided by 719.
22
Calculate the remainder when 607623 is divided by 220.
203
Calculate the remainder when 96361 is divided by 470.
11
What is the remainder when 77078 is divided by 76974?
104
What is the remainder when 239628 is divided by 2995?
28
What is the remainder when 8544779 is divided by 2131?
1600
What is the remainder when 5954505 is divided by 126?
123
What is the remainder when 155139 is divided by 31018?
49
What is the remainder when 1458677 is divided by 7443?
7292
What is the remainder when 734226 is divided by 13304?
2506
Calculate the remainder when 153228 is divided by 963.
111
What is the remainder when 7302041 is divided by 171?
170
Calculate the remainder when 308852 is divided by 102890.
182
What is the remainder when 6314826 is divided by 52?
50
What is the remainder when 1609100 is divided by 197?
4
Calculate the remainder when 3200471 is divided by 290950.
21
Calculate the remainder when 20069167 is divided by 23.
11
What is the remainder when 818159 is divided by 1493?
1488
What is the remainder when 70334 is divided by 17427?
626
Calculate the remainder when 104403 is divided by 1745.
1448
Calculate the remainder when 248455 is divided by 11788.
907
Calculate the remainder when 2407776 is divided by 35.
21
Calculate the remainder when 245161 is divided by 61246.
177
What is the remainder when 1226847 is divided by 136297?
174
What is the remainder when 1052448949 is divided by 4370?
4369
What is the remainder when 172607 is divided by 172526?
81
What is the remainder when 860023 is divided by 121?
76
What is the remainder when 652598 is divided by 204?
2
What is the remainder when 2932454 is divided by 235?
124
Calculate the remainder when 171510658 is divided by 13.
7
Calculate the remainder when 1331353 is divided by 332394.
1777
What is the remainder when 5043495 is divided by 4511?
197
Calculate the remainder when 1024 is divided by 351.
322
Calculate the remainder when 21616 is divided by 149.
11
What is the remainder when 2782256 is divided by 1810?
286
What is the remainder when 7915329 is divided by 868?
37
Calculate the remainder when 281634 is divided by 261.
15
Calculate the remainder when 2571799 is divided by 62.
39
Calculate the remainder when 10665461 is divided by 411.
11
Calculate the remainder when 18653786 is divided by 1503.
53
What is the remainder when 321827 is divided by 72?
59
What is the remainder when 20019688 is divided by 392542?
46
Calculate the remainder when 44954624 is divided by 166.
164
Calculate the remainder when 1874204 is divided by 67.
13
What is the remainder when 351607 is divided by 1149?
13
Calculate the remainder when 12339353 is divided by 330.
323
What is the remainder when 357512 is divided by 118888?
848
What is the remainder when 72049383 is divided by 1017?
18
Calculate the remainder when 3130124 is divided by 59.
56
What is the remainder when 10883 is divided by 952?
411
What is the remainder when 1178265 is divided by 230?
205
Calculate the remainder when 66678517 is divided by 2299259.
6
What is the remainder when 345333 is divided by 8421?
72
Calculate the remainder when 102685568 is divided by 44.
40
What is the remainder when 2504892 is divided by 144?
12
What is the remainder when 821185 is divided by 273725?
10
What is the remainder when 60087 is divided by 2089?
1595
What is the remainder when 2205218 is divided by 1315?
1278
Calculate the remainder when 3114666 is divided by 797.
787
Calculate the remainder when 272672 is divided by 272631.
41
What is the remainder when 385060 is divided by 5114?
1510
What is the remainder when 7618158 is divided by 787?
785
Calculate the remainder when 3404832 is divided by 58.
0
What is the remainder when 230521 is divided by 12718?
1597
What is the remainder when 147789 is divided by 73418?
953
What is the remainder when 1122975 is divided by 224595?
0
What is the remainder when 135311 is divided by 5191?
345
What is the remainder when 68478 is divided by 107?
105
What is the remainder when 623084 is divided by 75?
59
Calculate the remainder when 1107581 is divided by 4.
1
What is the remainder when 7837211 is divided by 3918590?
31
What is the remainder when 19764876 is divided by 13072?
12
What is the remainder when 1102601 is divided by 48?
41
Calculate the remainder when 731096 is divided by 1159.
926
What is the remainder when 1277238 is divided by 498?
366
What is the remainder when 39038395 is divided by 37?
28
What is the remainder when 556069 is divided by 370?
329
What is the remainder when 13405516 is divided by 170?
166
What is the remainder when 55370 is divided by 55353?
17
Calculate the remainder when 21044 is divided by 2607.
188
Calculate the remainder when 117122 is divided by 2697.
1151
Calculate the remainder when 62292 is divided by 2835.
2757
What is the remainder when 1310554 is divided by 655159?
236
What is the remainder when 76134 is divided by 5433?
72
Calculate the remainder when 32425776 is divided by 605.
196
Calculate the remainder when 67517173 is divided by 168372.
1
What is the remainder when 94101 is divided by 10?
1
What is the remainder when 44786425 is divided by 42940?
5
Calculate the remainder when 6385250 is divided by 545.
30
Calculate the remainder when 50273637 is divided by 447.
441
What is the remainder when 3862398 is divided by 50?
48
What is the remainder when 36351 is divided by 2944?
1023
What is the remainder when 653952 is divided by 8589?
1188
Calculate the remainder when 757165 is divided by 252215.
520
Calculate the remainder when 1411375 is divided by 117612.
31
What is the remainder when 11308 is divided by 3757?
37
What is the remainder when 41527 is divid